1001011110101 (base 2) in base 12?
-2985
What is 7588 (base 11) in base 9?
14661
Convert -134412 (base 6) to base 13.
-5a05
Convert -222110 (base 3) to base 8.
-1312
Convert 2473 (base 9) to base 8.
3470
Convert -11101020 (base 3) to base 9.
-4336
Convert -9ee (base 16) to base 2.
-100111101110
What is -4828 (base 9) in base 2?
-111000000110
What is -39a (base 14) in base 4?
-23110
What is -14d (base 16) in base 15?
-173
Convert 48618 (base 11) to base 6.
1255513
2138 (base 11) to base 13
1393
1646 (base 14) to base 16
f8e
1253 (base 8) to base 10
683
What is 10a (base 12) in base 4?
2122
Convert -286 (base 13) to base 7.
-1210
Convert 3410432 (base 5) to base 14.
17ca1
1111000000000 (base 2) to base 6
55320
Convert -2442 (base 7) to base 14.
-492
What is -8b (base 15) in base 7?
-245
Convert 628 (base 10) to base 3.
212021
Convert -15120 (base 9) to base 3.
-112010200
Convert -800 (base 12) to base 15.
-51c
Convert -232420 (base 6) to base 13.
-9168
Convert 12103 (base 4) to base 6.
1511
-57b (base 13) to base 7
-2522
What is 906 (base 13) in base 9?
2076
992 (base 11) to base 6
5302
Convert 4303 (base 6) to base 15.
450
7aa (base 15) to base 7
5026
What is -22231 (base 4) in base 13?
-409
-1242413 (base 6) to base 7
-402120
Convert -48 (base 14) to base 3.
-2101
What is 4523 (base 12) in base 5?
221114
-2a8 (base 13) to base 3
-122122
11203 (base 4) to base 13
214
What is 637 (base 10) in base 3?
212121
345 (base 6) to base 15
92
What is 5033 (base 7) in base 8?
3313
What is 303 (base 10) in base 13?
1a4
What is 211 (base 5) in base 16?
38
4559 (base 10) to base 8
10717
1134 (base 9) to base 3
1011011
Convert 5025 (base 14) to base 10.
13753
Convert 111121012 (base 3) to base 7.
40622
Convert 1681 (base 11) to base 8.
4142
What is 239 (base 14) in base 8?
673
What is 4464 (base 9) in base 3?
11112011
What is -111012211 (base 3) in base 5?
-302014
Convert -1239 (base 14) to base 2.
-110001110011
-9811 (base 12) to base 14
-6141
What is 573 (base 10) in base 2?
1000111101
Convert -16084 (base 9) to base 15.
-33e1
-63655 (base 8) to base 16
-67ad
Convert -2b9 (base 13) to base 6.
-2134
What is -95 (base 10) in base 8?
-137
Convert 227a (base 12) to base 15.
120d
What is -212221 (base 3) in base 11?
-538
Convert 24c (base 16) to base 11.
495
Convert 3103203 (base 4) to base 10.
13539
201221 (base 4) to base 10
2153
What is -22108 (base 10) in base 13?
-a0a8
3861 (base 13) to base 8
17526
Convert -52a (base 15) to base 16.
-48d
Convert -b74 (base 16) to base 14.
-10d6
What is -4ce (base 15) in base 5?
-13334
Convert 13436 (base 7) to base 16.
e45
232110 (base 4) to base 13
1470
What is 283 (base 9) in base 13?
153
1e5 (base 15) to base 9
538
1a8a (base 14) to base 7
20033
Convert a7c (base 15) to base 12.
1453
Convert -101 (base 16) to base 11.
-214
Convert -3421 (base 12) to base 5.
-141120
What is -16319 (base 10) in base 3?
-211101102
What is 15440 (base 8) in base 6?
52052
Convert 5710 (base 11) to base 10.
7513
What is 30543 (base 6) in base 10?
4095
-112500 (base 6) to base 7
-40143
Convert -104635 (base 8) to base 16.
-899d
Convert -650a (base 12) to base 11.
-837a
42130 (base 5) to base 10
2790
What is -1ab8c (base 14) in base 8?
-205050
280 (base 16) to base 12
454
-9d (base 14) to base 13
-a9
What is -39678 (base 10) in base 13?
-150a2
-22702 (base 8) to base 12
-5716
100110111 (base 2) to base 6
1235
Convert b1dc (base 16) to base 11.
31233
Convert -54701 (base 8) to base 2.
-101100111000001
44 (base 9) to base 14
2c
Convert -1174 (base 8) to base 6.
-2540
What is 2523 (base 13) in base 10?
5268
What is -1000000001010 (base 2) in base 8?
-10012
What is -33132 (base 4) in base 10?
-990
Convert -11881 (base 9) to base 2.
-1111101001011
23637 (base 8) to base 4
2132133
What is -316 (base 10) in base 16?
-13c
What is -1023 (base 4) in base 3?
-2210
Convert 141c (base 13) to base 6.
21230
-40 (base 9) to base 4
-210
-1525 (base 8) to base 15
-3bd
11d2 (base 14) to base 16
c34
2336 (base 11) to base 10
3064
What is 10043 (base 6) in base 12?
923
-3e1 (base 15) to base 4
-31312
Convert -2220 (base 7) to base 15.
-383
9124 (base 11) to base 16
2f5e
What is -77477 (base 8) in base 3?
-1122200111
Convert 1101121 (base 3) to base 14.
527
Convert -70c7 (base 13) to base 5.
-444132
-349 (base 13) to base 4
-20320
Convert -2167 (base 11) to base 7.
-11220
What is 79c (base 16) in base 13?
b6b
Convert 2020002 (base 3) to base 16.
656
Convert -114 (base 12) to base 4.
-2200
220 (base 8) to base 16
90
12377 (base 13) to base 7
166562
Convert -2388 (base 9) to base 2.
-11011110101
1626 (base 9) to base 16
4d7
111120 (base 3) to base 13
222
Convert 2e (base 16) to base 8.
56
Convert -1de (base 15) to base 3.
-121002
What is -13111 (base 4) in base 13?
-2a1
Convert -22435 (base 7) to base 9.
-7744
Convert 17078 (base 10) to base 14.
631c
Convert 3b (base 15) to base 8.
70
7705 (base 8) to base 15
12e2
Convert 5212 (base 7) to base 12.
107a
What is -100223 (base 4) in base 11?
-890
What is -1020000010 (base 3) in base 10?
-24060
Convert 437 (base 16) to base 15.
4be
4ad3 (base 15) to base 2
11111001001100
Convert -1020000010 (base 3) to base 4.
-11313330
What is -2031443 (base 5) in base 3?
-1200210001
What is 14555 (base 13) in base 3?
1221111012
Convert -38 (base 13) to base 15.
-32
11344 (base 7) to base 15
ced
-21220 (base 4) to base 2
-1001101000
Convert 344 (base 12) to base 15.
224
17bd (base 14) to base 5
114113
What is -10101011110100011 (base 2) in base 5?
-10303341
Convert 111200120 (base 3) to base 8.
23372
What is 605 (base 10) in base 6?
2445
2164 (base 12) to base 5
104201
What is -258 (base 15) in base 13?
-320
-47326 (base 9) to base 7
-161112
739 (base 16) to base 8
3471
Convert 41 (base 16) to base 6.
145
-1200100 (base 3) to base 14
-636
What is 5343 (base 7) in base 12?
1119
Convert -110111101000011 (base 2) to base 4.
-12331003
35b (base 13) to base 5
4313
Convert -1002042 (base 5) to base 3.
-210210210
-486 (base 9) to base 10
-402
-478 (base 13) to base 4
-30013
What is -41c2 (base 15) in base 7?
-55355
What is 1011111110 (base 2) in base 9?
1041
-23963 (base 10) to base 16
-5d9b
What is -272 (base 16) in base 7?
-1553
What is 200201 (base 4) in base 2?
100000100001
Convert 244261 (base 7) to base 11.
30675
1000011121 (base 3) to base 12
b567
50514 (base 8) to base 3
1001112211
61 (base 10) to base 14
45
-32401 (base 7) to base 9
-12074
Convert -41361 (base 7) to base 10.
-10137
a24 (base 15) to base 16
8ec
Convert -1044 (base 11) to base 4.
-111203
1021 (base 4) to base 10
73
What is -b06 (base 16) in base 2?
-101100000110
Convert -9a3 (base 11) to base 4.
-102302
What is -180 (base 9) in base 11?
-12a
Convert 3681 (base 10) to base 11.
2847
110100100100111 (base 2) to base 14
9b4b
-21220 (base 3) to base 12
-159
What is 1672 (base 12) in base 8?
5166
-1312131 (base 4) to base 10
-7581
11eee (base 16) to base 3
10201202112
What is 2b1 (base 14) in base 16?
223
What is -ec9 (base 15) in base 5?
-101324
Convert -1001010100100 (base 2) to base 10.
-4772
Convert 1254 (base 10) to base 6.
5450
What is -3021130 (base 4) in base 9?
-18614
Convert 11888 (base 13) to base 5.
2012342
What is -310 (base 4) in base 7?
-103
What is 111231 (base 4) in base 3?
1220110
What is 22011313 (base 4) in base 3?
2002200221
5302 (base 12) to base 5
242244
1ab (base 16) to base 9
524
Convert 1101001000 (base 2) to base 12.
5a0
Convert d3a (base 16) to base 10.
3386
aa0 (base 11) to base 2
10100101000
Convert 111000000111000 (base 2) to base 16.
7038
-102632 (base 9) to base 11
-41935
-8510 (base 10) to base 12
-4b12
Convert 361 (base 8) to base 3.
22221
Convert -110100000 (base 2) to base 7.
-1133
Convert 9a (base 14) to base 8.
210
-ace1 (base 16) to base 14
-121b3
Convert -29a1 (base 12) to base 13.
-22ab
What is -934 (base 10) in base 8?
-1646
141101 (base 5) to base 16
1690
Convert 11901 (base 10) to base 11.
8a3a
What is 34150 (base 6) in base 16?
12d2
3996 (base 12) to base 11
4a55
-131210 (base 4) to base 7
-5342
Convert 5173 (base 16) to base 6.
240311
Convert -32420 (base 6) to base 13.
-2064
-1100111011100 (base 2) to base 13
-3023
What is 13023312 (base 4) in base 12?
15046
-4b79 (base 12) to base 14
-31b7
-7361 (base 12) to base 14
-4841
C